ctor of 16 and 1274?
2
Calculate the highest common factor of 245 and 637.
49
Calculate the greatest common factor of 266 and 651.
7
Calculate the greatest common factor of 2240 and 105.
35
Calculate the highest common factor of 1356 and 8.
4
What is the greatest common factor of 24 and 680?
8
Calculate the highest common divisor of 65 and 11245.
65
What is the greatest common factor of 1986 and 6?
6
Calculate the highest common divisor of 14 and 1141.
7
Calculate the highest common factor of 10 and 80.
10
Calculate the greatest common divisor of 2 and 5836.
2
What is the highest common divisor of 497 and 1775?
71
Calculate the highest common factor of 176 and 4208.
16
What is the highest common divisor of 650 and 26?
26
What is the highest common divisor of 138 and 60?
6
Calculate the greatest common divisor of 1056 and 18744.
264
What is the highest common factor of 492 and 600?
12
Calculate the greatest common factor of 5676 and 528.
132
What is the greatest common factor of 14 and 61726?
14
What is the greatest common factor of 65 and 6422?
13
Calculate the highest common factor of 2 and 29.
1
Calculate the highest common divisor of 899 and 682.
31
Calculate the highest common divisor of 336 and 42.
42
Calculate the greatest common factor of 5043 and 246.
123
Calculate the highest common factor of 595 and 2550.
85
Calculate the greatest common divisor of 13634 and 51.
17
Calculate the highest common factor of 17 and 391.
17
What is the greatest common factor of 380 and 20?
20
What is the highest common factor of 10915 and 20?
5
Calculate the highest common factor of 1975 and 79.
79
What is the greatest common factor of 4136 and 22?
22
Calculate the greatest common factor of 6 and 18.
6
What is the greatest common divisor of 192 and 2448?
48
Calculate the highest common divisor of 57 and 19.
19
Calculate the highest common factor of 2183 and 59.
59
Calculate the highest common divisor of 56 and 10024.
56
Calculate the highest common divisor of 15 and 41.
1
Calculate the highest common factor of 423 and 36.
9
What is the highest common divisor of 3 and 1623?
3
What is the greatest common factor of 128 and 8?
8
Calculate the highest common factor of 67 and 8509.
67
Calculate the highest common divisor of 360 and 7110.
90
Calculate the greatest common divisor of 620 and 1085.
155
What is the greatest common factor of 91 and 469?
7
Calculate the highest common factor of 186 and 31.
31
What is the greatest common divisor of 174 and 9048?
174
Calculate the highest common factor of 325 and 52.
13
What is the greatest common factor of 145 and 80?
5
Calculate the highest common divisor of 2002 and 1078.
154
What is the greatest common divisor of 2864 and 179?
179
What is the greatest common factor of 39 and 91?
13
What is the highest common divisor of 47 and 94?
47
What is the highest common divisor of 103 and 927?
103
Calculate the highest common factor of 26 and 526.
2
Calculate the greatest common factor of 6 and 192.
6
What is the highest common factor of 329 and 21?
7
Calculate the greatest common divisor of 44 and 40.
4
Calculate the highest common factor of 52 and 3146.
26
What is the highest common factor of 12 and 2472?
12
What is the highest common divisor of 10 and 710?
10
What is the greatest common divisor of 27 and 369?
9
Calculate the greatest common factor of 14 and 38.
2
What is the greatest common factor of 93 and 155?
31
Calculate the highest common divisor of 24738 and 21.
21
Calculate the highest common divisor of 84 and 2388.
12
Calculate the highest common divisor of 128 and 4.
4
What is the greatest common divisor of 26 and 78?
26
Calculate the greatest common factor of 33 and 4191.
33
What is the highest common factor of 286 and 1534?
26
Calculate the greatest common factor of 28 and 938.
14
What is the greatest common factor of 62 and 4991?
31
Calculate the highest common factor of 96 and 51.
3
What is the greatest common factor of 10 and 355?
5
Calculate the highest common divisor of 935 and 55.
55
Calculate the highest common divisor of 219 and 12.
3
What is the highest common factor of 4426 and 2?
2
Calculate the greatest common divisor of 50 and 110.
10
Calculate the highest common factor of 18034 and 142.
142
Calculate the greatest common factor of 221 and 2669.
17
Calculate the greatest common divisor of 182 and 338.
26
What is the highest common factor of 6 and 8?
2
Calculate the greatest common factor of 10 and 2285.
5
What is the highest common divisor of 10 and 95?
5
Calculate the highest common divisor of 50 and 4.
2
What is the highest common factor of 2 and 199?
1
What is the highest common divisor of 33 and 539?
11
What is the highest common factor of 45 and 185?
5
What is the highest common factor of 506 and 46?
46
What is the greatest common divisor of 273 and 336?
21
Calculate the highest common divisor of 130 and 208.
26
Calculate the greatest common divisor of 40 and 32.
8
What is the greatest common factor of 935 and 66?
11
What is the highest common factor of 191 and 5539?
191
What is the highest common divisor of 177 and 4189?
59
Calculate the greatest common divisor of 362 and 4.
2
What is the highest common factor of 160 and 4040?
40
What is the greatest common divisor of 28 and 1148?
28
What is the greatest common factor of 1312 and 41?
41
What is the highest common factor of 8368 and 16?
16
Calculate the greatest common factor of 310 and 3968.
62
What is the greatest common factor of 2496 and 36?
12
Calculate the greatest common factor of 98 and 1323.
49
Calculate the highest common divisor of 26 and 26.
26
Calculate the greatest common divisor of 18 and 288.
18
What is the highest common factor of 72 and 9912?
24
What is the highest common divisor of 306 and 36?
18
What is the highest common divisor of 32 and 720?
16
Calculate the highest common divisor of 549 and 9.
9
Calculate the highest common factor of 88 and 22.
22
Calculate the greatest common divisor of 2673 and 3069.
99
Calculate the highest common divisor of 12 and 128.
4
Calculate the highest common divisor of 52 and 572.
52
Calculate the greatest common factor of 321 and 3.
3
Calculate the highest common divisor of 742 and 28.
14
Calculate the greatest common divisor of 25 and 35.
5
Calculate the highest common factor of 8 and 36.
4
What is the highest common divisor of 17756 and 92?
92
What is the greatest common factor of 26 and 7007?
13
Calculate the highest common divisor of 3 and 147.
3
What is the greatest common factor of 962 and 26?
26
What is the greatest common factor of 17172 and 212?
212
What is the greatest common factor of 1484 and 140?
28
Calculate the greatest common factor of 84 and 2044.
28
Calculate the greatest common factor of 902 and 22.
22
Calculate the highest common factor of 96 and 84.
12
What is the greatest common divisor of 806 and 62?
62
What is the greatest common divisor of 598 and 782?
46
Calculate the greatest common divisor of 26169 and 183.
183
What is the greatest common divisor of 147 and 21?
21
Calculate the greatest common factor of 1551 and 33.
33
Calculate the greatest common factor of 306 and 54.
18
What is the greatest common factor of 684 and 144?
36
What is the highest common factor of 10 and 310?
10
Calculate the highest common factor of 2375 and 20.
5
Calculate the greatest common factor of 55 and 88.
11
Calculate the greatest common factor of 8 and 818.
2
What is the highest common divisor of 96 and 32?
32
What is the highest common factor of 314 and 2?
2
What is the greatest common divisor of 7752 and 68?
68
What is the greatest common divisor of 477 and 1749?
159
Calculate the highest common factor of 1 and 27.
1
What is the highest common divisor of 114 and 836?
38
Calculate the highest common divisor of 18198 and 162.
54
What is the greatest common factor of 50 and 75?
25
What is the highest common factor of 2346 and 42?
6
Calculate the highest common factor of 550 and 130.
10
Calculate the highest common divisor of 17974 and 66.
22
Calculate the greatest common factor of 625 and 45.
5
Calculate the greatest common divisor of 5280 and 60.
60
Calculate the highest common divisor of 96 and 312.
24
Calculate the greatest common factor of 396 and 72.
36
What is the highest common fa